the highest common factor of u and j.
3
Let c(q) = q + 6. Let o = 4 + -1. Suppose 0 = -o*a + 6*a. Let s be c(a). Calculate the highest common factor of 54 and s.
6
Let h be (7 - 2)*(-1670)/(-25). Suppose 8*q + 3*i - h = 3*q, -i - 322 = -5*q. What is the highest common factor of q and 26?
13
Suppose 4*p = 5*w - 570, -5*w + 715 = -3*p + 150. Suppose w = 2*s - s. Calculate the greatest common factor of s and 10.
10
Suppose 22*q + 40 = 26*q. Calculate the highest common factor of 50 and q.
10
Let x(g) = -g**3 + 6*g**2 - 4*g + 5. Let s be x(5). Let d(l) = 3*l - 13. Let c be d(s). Calculate the highest common factor of 119 and c.
17
Suppose -4*g - 5*t + 45 = 0, -2*g + 4*t - t - 5 = 0. Let v(r) = g*r - 5*r + 2*r - 4*r + 5. Let b be v(-5). Calculate the highest common divisor of 165 and b.
15
Let k(s) = 9*s - 3. Let j be k(4). Suppose 7 = -2*p - c + j, -3*p - c = -38. What is the greatest common factor of p and 6?
6
Suppose -9 = -5*y + 1. Suppose -y*l - 4 = -14. Let x(o) = -o**3 + 5*o**2 + o + 5. Let u be x(4). Calculate the greatest common factor of u and l.
5
Suppose -17 = -5*n + 2*v, 3*n + 3*v + 4 = 10. Suppose -15 = n*g, -6*s + s + 70 = -g. Suppose -4*u + 7 = -s. What is the highest common divisor of u and 35?
5
Let n(p) = 4*p - 10. Let h be n(-7). Let o be h/(-4) + 2/4. Let i = 212 + -102. What is the greatest common divisor of i and o?
10
Let n(r) = 6*r**2 + 6*r + 7. Let d(y) = y**2 - y - 1. Let x(o) = 2*d(o) + n(o). Let c be x(-4). Calculate the greatest common factor of 13 and c.
13
Let h = -20 + 32. Let p = 38 + -18. Let j = p - h. What is the highest common divisor of 24 and j?
8
Let b be (-1)/(-2)*1*-2. Suppose 0 = -2*y + 3*u + 65, 3*y + 0*y - 87 = u. Let l be y/10 + b/(-5). What is the greatest common divisor of l and 3?
3
Suppose -s = -2*s + 59. Let p = s + -25. Calculate the greatest common divisor of 17 and p.
17
Suppose w = 6*w + 20. Let z = w + 7. What is the greatest common divisor of z and 9?
3
Suppose -2*g + s + 5 = -5*g, 4 = -2*s. Let w be (-1)/(-1) + (-2 - 9). Let k be (-32)/w - g/(-5). Calculate the highest common factor of k and 27.
3
Let k(j) = 5*j**2 - 3*j + 4. Let a be k(-3). Calculate the greatest common factor of a and 145.
29
Let j be (12/(-10))/((-2)/50). Let c(d) = 2*d**3 - 6*d**2 + 2*d. Let i be c(4). Suppose 0*g + i = 4*g. Calculate the highest common factor of g and j.
10
Suppose 354 = 3*d - 3. Let p be (-636)/28 - 4/14. Let v = p + 40. What is the highest common factor of v and d?
17
Suppose -3*m = 4*z - 402 - 66, 0 = -5*m - 2*z + 794. What is the greatest common divisor of 40 and m?
40
Let u(o) = 3*o - 26. Let z be u(17). Calculate the greatest common factor of z and 5.
5
Suppose 0 = 2*o + 2*o - 52. Let c(t) = 17*t - 16. Let d be c(4). What is the greatest common divisor of o and d?
13
Let j(z) = -2*z**2 + 7*z - 5. Let u be j(4). Let m = -6 - u. What is the highest common divisor of m and 15?
3
Suppose -5 = -2*o + 27. Let k(z) = 25*z**2 - 2*z + 1. Let r be (1 - 5)*(-2)/8. Let g be k(r). What is the highest common divisor of g and o?
8
Let g = 163 + -366. Let q = -143 - g. Let z(h) = -5*h - 5. Let w be z(-4). Calculate the greatest common factor of q and w.
15
Suppose -2*o + 17 - 113 = 0. Let r = o + 113. What is the greatest common divisor of 26 and r?
13
Let y be 0 + -3 - (-528 - -5). Suppose y = 6*z - z - q, 3*z = 3*q + 312. Calculate the highest common factor of z and 26.
26
Let a = 0 - -2. Suppose a*m - 12 = -j - 3*j, m - 34 = 5*j. Suppose -5*k = -5*t + 90, 4*t - 146 = -k - 59. Calculate the highest common factor of t and m.
7
Let y(x) = -64*x - 1. Let b be y(-1). Calculate the greatest common factor of 7 and b.
7
Suppose h - 2*d = 32, 0 = -2*h + d + 4*d + 65. Calculate the highest common divisor of h and 195.
15
Suppose 4*r = -2*o + 102, 2*r - 5*o = 60 + 21. Let j be 139 + 1/(2 - 1). Calculate the highest common divisor of r and j.
28
Let t(z) = z**3 + 3*z**2 - 6*z + 6. Let x be t(-4). Calculate the highest common factor of 21 and x.
7
Let g(h) = -h - 2. Let f be g(-1). Let r be (-6)/(f + 2/(-2)). Suppose -426 = -r*z + 3. What is the highest common divisor of z and 13?
13
Let c = 82 - 53. What is the greatest common factor of 319 and c?
29
Let j = 21 - 8. Suppose 25*g = 31*g - 702. What is the greatest common divisor of g and j?
13
Let j be (-18)/4*20/(-15). Let r(t) = -t**2 + 6*t + 6. Let g be r(j). Suppose d + 40 = g*d. Calculate the highest common divisor of d and 16.
8
Let x be (10 + -3)*6/7. What is the highest common factor of 66 and x?
6
Suppose 2*c = 0, 3*c = 2*v - 27 + 5. What is the highest common divisor of v and 55?
11
Suppose 0 = -9*k + 5*k. Let o = 3 + k. Calculate the greatest common factor of o and 27.
3
Suppose 0 = 3*q + 4*p - 112 + 8, 2*p - 68 = -2*q. What is the highest common factor of q and 256?
32
Let k = -105 + 165. What is the greatest common divisor of 40 and k?
20
Let v(q) = -2*q. Let r be v(-1). Let z(x) = x**3 + 3 - 11*x**r + 7 - 6*x - 2. Let j be z(12). What is the highest common factor of 32 and j?
16
Suppose 0 = t - 3*s - 12 - 14, s = -3*t + 98. Suppose 0 = -2*g - 3*g + 70. Let z(i) = i - 6. Let v be z(g). What is the greatest common factor of t and v?
8
Let w be (0 - 13)*16/(-8). What is the greatest common divisor of 13 and w?
13
Let b be -2 + 17 + -8 + 5. Calculate the greatest common divisor of 8 and b.
4
Let y be (-376)/(-6) - 4/6. Suppose y = c - 34. Calculate the highest common divisor of c and 12.
12
Let q(c) be the third derivative of -c**5/60 + c**4/3 - c**3/2 - c**2. Suppose 0 = 3*a - 14 - 1. Let m be q(a). What is the highest common factor of m and 30?
6
Let p be (1 + -1 + 2)/(2/4). What is the greatest common divisor of p and 4?
4
Let o be (-1 - 2) + 21 + -2. Let k(a) = 177*a - 1. Let f be k(1). What is the greatest common factor of o and f?
16
Let t be (-4)/20 + 93/15. What is the greatest common divisor of 12 and t?
6
Let z = 74 + -30. Calculate the greatest common divisor of 4 and z.
4
Suppose -2*s - 2*s + 520 = 4*n, -16 = -4*s. Suppose -z + 0 = a - 7, 2*z - 2*a = 2. Suppose z*p - 5*p = -14. What is the greatest common factor of p and n?
14
Let x = 12 + 22. What is the greatest common factor of 51 and x?
17
Let j(c) = -c**2 - 4*c - 1. Let i be j(-4). Let t be 0 - (-1 - i/1). Suppose -4*a = t, -b + 3*a = 2*b - 18. Calculate the greatest common divisor of 42 and b.
6
Let c(z) = z**3 - 8*z**2 - 6. Let d be c(8). Let u(f) = f**3 + 5*f**2 - 9*f - 10. Let w be u(d). Calculate the greatest common divisor of w and 88.
8
Suppose 0 = -5*h + 3*c + 517, 2*h - 203 = c + 4*c. Calculate the greatest common factor of h and 13.
13
Suppose -r = -90 - 53. Suppose 176 = -5*d - 284. Let s = r + d. What is the greatest common factor of 17 and s?
17
Let j = 77 + -65. Calculate the highest common factor of 204 and j.
12
Suppose 15 = 3*t + 3. Let h be (-3 - -1) + t + 32. What is the highest common divisor of 51 and h?
17
Let a = 13 - -5. Calculate the highest common factor of a and 27.
9
Let a = -49 - -308. What is the highest common factor of 37 and a?
37
Let q(n) = -n + 9. Let p be q(7). Suppose -w + 25 = j, 6*w - 116 = w - p*j. Calculate the greatest common divisor of 44 and w.
22
Suppose -4*b = -r + 59, 2*r + 4*b = -0*b + 166. Calculate the greatest common divisor of 25 and r.
25
Suppose -k - 3 = -15. Calculate the greatest common factor of k and 3.
3
Suppose 16 = 5*r + f, -6 = -r - 2*f - f. Calculate the greatest common factor of 6 and r.
3
Let o(w) = 3*w**2 - w - 4. Let f(s) = 8*s**2 - 3*s - 12. Let k(q) = -4*f(q) + 11*o(q). Let i be k(-4). What is the greatest common factor of i and 8?
8
Suppose -3*a + 6 + 3 = 0. Let h be 2*1 + (-2 - -3). Let r be h/((-1)/(-6)*2). Calculate the highest common factor of a and r.
3
Suppose -3*o = -0*o - 45. Let g(s) = 5*s - 5. Let v be g(4). Calculate the greatest common divisor of v and o.
15
Let l(d) be the first derivative of -13*d**2 - 6*d + 1. Let k be l(-6). Let n = k - 78. What is the highest common divisor of 12 and n?
12
Suppose -2*w + 4*t - 257 = 3*w, -3*t - 138 = 3*w. Let r = w - -114. Let d be 1/(-2)*(-24 + -2). Calculate the greatest common divisor of d and r.
13
Let p = -10 - -30. Calculate the greatest common factor of p and 10.
10
Suppose 0 = -5*c - 2*a - 0 + 2, -3*a = 2*c + 8. Calculate the greatest common factor of c and 18.
2
